{"id":40,"date":"2020-12-21T13:52:02","date_gmt":"2020-12-21T13:52:02","guid":{"rendered":"http:\/\/www.cln2family.com\/ro-ro\/?page_id=40"},"modified":"2020-12-22T14:07:08","modified_gmt":"2020-12-22T14:07:08","slug":"how-can-i-connect-with-others","status":"publish","type":"page","link":"https:\/\/www.cln2family.com\/ro-ro\/how-can-i-connect-with-others\/","title":{"rendered":"Suport"},"content":{"rendered":"[mk_page_section bg_image=&#8221;https:\/\/www.cln2family.com\/ro-ro\/wp-content\/uploads\/sites\/12\/2020\/12\/banner-bg-new.png&#8221; el_class=&#8221;main-Hbanner&#8221; sidebar=&#8221;sidebar-1&#8243;][vc_column width=&#8221;2\/3&#8243; el_class=&#8221;inner-banner-left&#8221;][vc_single_image image=&#8221;9&#8243; img_size=&#8221;full&#8221; el_class=&#8221;inner-banner_img&#8221;][mk_fancy_title tag_name=&#8221;h1&#8243; color=&#8221;#ffffff&#8221; size=&#8221;38&#8243; force_font_size=&#8221;true&#8221; font_weight=&#8221;bold&#8221; margin_bottom=&#8221;30&#8243; font_family=&#8221;Source+Sans+Pro&#8221; font_type=&#8221;google&#8221;]Cum m\u0103 pot conecta cu alte persoane?[\/mk_fancy_title][\/vc_column][vc_column width=&#8221;1\/3&#8243; el_class=&#8221;header-callout&#8221;][\/vc_column][\/mk_page_section][mk_page_section el_class=&#8221;community_top&#8221; sidebar=&#8221;sidebar-1&#8243;][vc_column el_class=&#8221;community_heading&#8221;][vc_column_text]\r\n<div class=\"commuhead\">\r\n<h3>Conecta\u021bi-v\u0103 cu o comunitate din ce \u00een ce mai mare de sprijin pentru boala CLN2.<\/h3>\r\n<\/div>\r\nNu sunte\u021bi singuri \u2014 exist\u0103 multe resurse pentru sprijinirea familiilor \u0219i persoanelor care \u00eei \u00eengrijesc pe copiii cu boala CLN2. \u00cengrijirea unui copil cu boala CLN2 poate fi solicitant\u0103 emo\u021bional \u0219i fizic. De aceea, discu\u021biile cu al\u021bi p\u0103rin\u021bi \u0219i cadre medicale v\u0103 pot ajuta s\u0103 face\u021bi fa\u021b\u0103 mai u\u0219or bolii. Dac\u0103 ave\u021bi un copil cu boala Batten, sunte\u021bi bineveni\u021bi \u00een aceste organiza\u021bii, care doresc s\u0103 v\u0103 r\u0103spund\u0103 la \u00eentreb\u0103ri.[\/vc_column_text][\/vc_column][vc_column width=&#8221;3\/4&#8243; el_class=&#8221;connect_row&#8221;][vc_row_inner][vc_column_inner el_class=&#8221;connect-img&#8221; width=&#8221;1\/3&#8243;][mk_image src=&#8221;https:\/\/www.cln2family.com\/ro-ro\/wp-content\/uploads\/sites\/12\/2020\/12\/batten-logo.png&#8221; image_size=&#8221;full&#8221; target=&#8221;_blank&#8221; title=&#8221;BDSRA logo&#8221; el_class=&#8221;community_btn&#8221;][\/vc_column_inner][vc_column_inner el_class=&#8221;connect_each&#8221; width=&#8221;2\/3&#8243;][vc_cta h2=&#8221;Asocia\u021bia Rebeca Faith-Hope-Love&#8221; shape=&#8221;square&#8221; style=&#8221;flat&#8221; color=&#8221;white&#8221; add_button=&#8221;bottom&#8221; btn_title=&#8221;Conecta\u021bi-v\u0103 ast\u0103zi &gt;&#8221; btn_style=&#8221;flat&#8221; btn_shape=&#8221;square&#8221; use_custom_fonts_h4=&#8221;true&#8221; btn_el_class=&#8221;community_btn absarrow7&#8243; css=&#8221;.vc_custom_1592639885815{background-color: #ffffff !important;}&#8221; el_class=&#8221;connect_box&#8221; btn_link=&#8221;||&#8221;]O organiza\u021bie pentru familii, personalul de \u00eengrijire \u0219i cadrele medicale, care sprijin\u0103 copiii, tinerii \u0219i adul\u021bii afecta\u021bi de boala Batten. BDFA \u00ee\u0219i propune s\u0103 asigure sprijin, s\u0103 sporeasc\u0103 nivelul de con\u0219tientizare \u0219i s\u0103 finan\u021beze cercetarea terapiilor poten\u021biale \u0219i, \u00een ultim\u0103 instan\u021b\u0103, a unui tratament curativ.[\/vc_cta][\/vc_column_inner][\/vc_row_inner][\/vc_column][\/mk_page_section]","protected":false},"excerpt":{"rendered":"<p>[mk_page_section bg_image=&#8221;https:\/\/www.cln2family.com\/ro-ro\/wp-content\/uploads\/sites\/12\/2020\/12\/banner-bg-new.png&#8221; el_class=&#8221;main-Hbanner&#8221; sidebar=&#8221;sidebar-1&#8243;][vc_column width=&#8221;2\/3&#8243; el_class=&#8221;inner-banner-left&#8221;][vc_single_image image=&#8221;9&#8243; img_size=&#8221;full&#8221; el_class=&#8221;inner-banner_img&#8221;][mk_fancy_title tag_name=&#8221;h1&#8243; color=&#8221;#ffffff&#8221; size=&#8221;38&#8243; force_font_size=&#8221;true&#8221; font_weight=&#8221;bold&#8221; margin_bottom=&#8221;30&#8243; font_family=&#8221;Source+Sans+Pro&#8221; font_type=&#8221;google&#8221;]Cum m\u0103 pot conecta cu alte persoane?[\/mk_fancy_title][\/vc_column][vc_column width=&#8221;1\/3&#8243; el_class=&#8221;header-callout&#8221;][\/vc_column][\/mk_page_section][mk_page_section el_class=&#8221;community_top&#8221; sidebar=&#8221;sidebar-1&#8243;][vc_column el_class=&#8221;community_heading&#8221;][vc_column_text] Conecta\u021bi-v\u0103 cu o comunitate din ce \u00een ce mai mare de sprijin pentru boala CLN2. Nu sunte\u021bi singuri \u2014 exist\u0103 multe resurse pentru sprijinirea familiilor \u0219i persoanelor [&hellip;]<\/p>\n","protected":false},"author":1,"featured_media":0,"parent":0,"menu_order":0,"comment_status":"closed","ping_status":"closed","template":"","meta":{"footnotes":""},"class_list":["post-40","page","type-page","status-publish","hentry"],"_links":{"self":[{"href":"https:\/\/www.cln2family.com\/ro-ro\/wp-json\/wp\/v2\/pages\/40","targetHints":{"allow":["GET"]}}],"collection":[{"href":"https:\/\/www.cln2family.com\/ro-ro\/wp-json\/wp\/v2\/pages"}],"about":[{"href":"https:\/\/www.cln2family.com\/ro-ro\/wp-json\/wp\/v2\/types\/page"}],"author":[{"embeddable":true,"href":"https:\/\/www.cln2family.com\/ro-ro\/wp-json\/wp\/v2\/users\/1"}],"replies":[{"embeddable":true,"href":"https:\/\/www.cln2family.com\/ro-ro\/wp-json\/wp\/v2\/comments?post=40"}],"version-history":[{"count":4,"href":"https:\/\/www.cln2family.com\/ro-ro\/wp-json\/wp\/v2\/pages\/40\/revisions"}],"predecessor-version":[{"id":81,"href":"https:\/\/www.cln2family.com\/ro-ro\/wp-json\/wp\/v2\/pages\/40\/revisions\/81"}],"wp:attachment":[{"href":"https:\/\/www.cln2family.com\/ro-ro\/wp-json\/wp\/v2\/media?parent=40"}],"curies":[{"name":"wp","href":"https:\/\/api.w.org\/{rel}","templated":true}]}}

[mk_page_section bg_image=&#8221;https://www.cln2family.com/ro-ro/wp-content/uploads/sites/12/2020/12/banner-bg-new.png&#8221; el_class=&#8221;main-Hbanner&#8221; sidebar=&#8221;sidebar-1&#8243;][vc_column width=&#8221;2/3&#8243; el_class=&#8221;inner-banner-left&#8221;][vc_single_image image=&#8221;9&#8243; img_size=&#8221;full&#8221; el_class=&#8221;inner-banner_img&#8221;][mk_fancy_title tag_name=&#8221;h1&#8243; color=&#8221;#ffffff&#8221; size=&#8221;38&#8243; force_font_size=&#8221;true&#8221; font_weight=&#8221;bold&#8221; margin_bottom=&#8221;30&#8243; font_family=&#8221;Source+Sans+Pro&#8221; font_type=&#8221;google&#8221;]Cum mă pot conecta cu alte persoane?[/mk_fancy_title][/vc_column][vc_column width=&#8221;1/3&#8243; el_class=&#8221;header-callout&#8221;][/vc_column][/mk_page_section][mk_page_section el_class=&#8221;community_top&#8221; sidebar=&#8221;sidebar-1&#8243;][vc_column el_class=&#8221;community_heading&#8221;][vc_column_text]
<div class="commuhead">
<h3>Conectați-vă cu o comunitate din ce în ce mai mare de sprijin pentru boala CLN2.</h3>
</div>
Nu sunteți singuri — există multe resurse pentru sprijinirea familiilor și persoanelor care îi îngrijesc pe copiii cu boala CLN2. Îngrijirea unui copil cu boala CLN2 poate fi solicitantă emoțional și fizic. De aceea, discuțiile cu alți părinți și cadre medicale vă pot ajuta să faceți față mai ușor bolii. Dacă aveți un copil cu boala Batten, sunteți bineveniți în aceste organizații, care doresc să vă răspundă la întrebări.[/vc_column_text][/vc_column][vc_column width=&#8221;3/4&#8243; el_class=&#8221;connect_row&#8221;][vc_row_inner][vc_column_inner el_class=&#8221;connect-img&#8221; width=&#8221;1/3&#8243;][mk_image src=&#8221;https://www.cln2family.com/ro-ro/wp-content/uploads/sites/12/2020/12/batten-logo.png&#8221; image_size=&#8221;full&#8221; target=&#8221;_blank&#8221; title=&#8221;BDSRA logo&#8221; el_class=&#8221;community_btn&#8221;][/vc_column_inner][vc_column_inner el_class=&#8221;connect_each&#8221; width=&#8221;2/3&#8243;][vc_cta h2=&#8221;Asociația Rebeca Faith-Hope-Love&#8221; shape=&#8221;square&#8221; style=&#8221;flat&#8221; color=&#8221;white&#8221; add_button=&#8221;bottom&#8221; btn_title=&#8221;Conectați-vă astăzi &gt;&#8221; btn_style=&#8221;flat&#8221; btn_shape=&#8221;square&#8221; use_custom_fonts_h4=&#8221;true&#8221; btn_el_class=&#8221;community_btn absarrow7&#8243; css=&#8221;.vc_custom_1592639885815{background-color: #ffffff !important;}&#8221; el_class=&#8221;connect_box&#8221; btn_link=&#8221;||&#8221;]O organizație pentru familii, personalul de îngrijire și cadrele medicale, care sprijină copiii, tinerii și adulții afectați de boala Batten. BDFA își propune să asigure sprijin, să sporească nivelul de conștientizare și să finanțeze cercetarea terapiilor potențiale și, în ultimă instanță, a unui tratament curativ.[/vc_cta][/vc_column_inner][/vc_row_inner][/vc_column][/mk_page_section]

<p>[mk_page_section bg_image=&#8221;https://www.cln2family.com/ro-ro/wp-content/uploads/sites/12/2020/12/banner-bg-new.png&#8221; el_class=&#8221;main-Hbanner&#8221; sidebar=&#8221;sidebar-1&#8243;][vc_column width=&#8221;2/3&#8243; el_class=&#8221;inner-banner-left&#8221;][vc_single_image image=&#8221;9&#8243; img_size=&#8221;full&#8221; el_class=&#8221;inner-banner_img&#8221;][mk_fancy_title tag_name=&#8221;h1&#8243; color=&#8221;#ffffff&#8221; size=&#8221;38&#8243; force_font_size=&#8221;true&#8221; font_weight=&#8221;bold&#8221; margin_bottom=&#8221;30&#8243; font_family=&#8221;Source+Sans+Pro&#8221; font_type=&#8221;google&#8221;]Cum mă pot conecta cu alte persoane?[/mk_fancy_title][/vc_column][vc_column width=&#8221;1/3&#8243; el_class=&#8221;header-callout&#8221;][/vc_column][/mk_page_section][mk_page_section el_class=&#8221;community_top&#8221; sidebar=&#8221;sidebar-1&#8243;][vc_column el_class=&#8221;community_heading&#8221;][vc_column_text] Conectați-vă cu o comunitate din ce în ce mai mare de sprijin pentru boala CLN2. Nu sunteți singuri — există multe resurse pentru sprijinirea familiilor și persoanelor [&hellip;]</p>
